 19780?
True
Is 52 a factor of 33786?
False
Does 144 divide 2643?
False
Is 17450 a multiple of 10?
True
Does 4 divide 308?
True
Is 29 a factor of 1183?
False
Is 35616 a multiple of 56?
True
Is 23800 a multiple of 17?
True
Is 61 a factor of 5063?
True
Does 33 divide 21594?
False
Is 5544 a multiple of 6?
True
Is 5600 a multiple of 25?
True
Is 24 a factor of 34920?
True
Does 33 divide 396?
True
Does 29 divide 232?
True
Is 4299 a multiple of 2?
False
Does 118 divide 8142?
True
Does 7 divide 1540?
True
Is 50 a factor of 228?
False
Is 1215 a multiple of 9?
True
Is 158 a factor of 13900?
False
Does 10 divide 20482?
False
Is 513 a multiple of 5?
False
Does 3 divide 630?
True
Is 14 a factor of 11497?
False
Is 30922 a multiple of 33?
False
Does 14 divide 686?
True
Is 34 a factor of 148?
False
Is 3 a factor of 608?
False
Does 149 divide 37845?
False
Is 30 a factor of 330?
True
Is 9879 a multiple of 37?
True
Is 756 a multiple of 42?
True
Is 29 a factor of 2382?
False
Is 22 a factor of 3382?
False
Is 11 a factor of 154?
True
Is 112 a factor of 73808?
True
Is 15 a factor of 8790?
True
Does 4 divide 262?
False
Does 14 divide 81?
False
Is 6 a factor of 1830?
True
Is 17 a factor of 1377?
True
Does 15 divide 625?
False
Is 14 a factor of 4256?
True
Does 81 divide 79948?
False
Does 10 divide 32630?
True
Is 31 a factor of 3736?
False
Is 901 a multiple of 53?
True
Is 80 a factor of 10960?
True
Does 22 divide 14124?
True
Is 7332 a multiple of 39?
True
Is 23 a factor of 15065?
True
Is 204 a multiple of 17?
True
Does 33 divide 561?
True
Is 955 a multiple of 14?
False
Is 30 a factor of 169?
False
Does 32 divide 28338?
False
Is 48 a factor of 907?
False
Is 165 a multiple of 14?
False
Does 2 divide 3517?
False
Does 16 divide 589?
False
Does 19 divide 29754?
True
Is 40 a factor of 359?
False
Is 101 a factor of 4346?
False
Is 19 a factor of 38?
True
Is 406 a multiple of 2?
True
Is 104 a factor of 2389?
False
Is 17 a factor of 1343?
True
Is 14464 a multiple of 113?
True
Does 44 divide 584?
False
Does 11 divide 13530?
True
Is 1848 a multiple of 88?
True
Is 1374 a multiple of 7?
False
Does 9 divide 595?
False
Does 57 divide 10602?
True
Does 154 divide 15067?
False
Does 10 divide 950?
True
Is 1549 a multiple of 17?
False
Is 160 a multiple of 3?
False
Is 52965 a multiple of 17?
False
Is 30733 a multiple of 20?
False
Is 22176 a multiple of 18?
True
Is 21 a factor of 6006?
True
Is 15 a factor of 2698?
False
Is 12348 a multiple of 98?
True
Is 5 a factor of 45?
True
Is 31 a factor of 1335?
False
Is 17 a factor of 670?
False
Does 139 divide 5446?
False
Does 41 divide 144003?
False
Does 5 divide 5367?
False
Is 33 a factor of 3005?
False
Is 31066 a multiple of 49?
True
Is 28429 a multiple of 3?
False
Does 68 divide 1224?
True
Is 41400 a multiple of 60?
True
Is 5 a factor of 303?
False
Is 315 a multiple of 45?
True
Is 650 a multiple of 26?
True
Is 57 a factor of 2451?
True
Is 20058 a multiple of 2?
True
Does 6 divide 26?
False
Is 20 a factor of 49940?
True
Is 44 a factor of 4400?
True
Is 11933 a multiple of 19?
False
Does 79 divide 316?
True
Is 15839 a multiple of 47?
True
Is 1620 a multiple of 60?
True
Is 21 a factor of 5803?
False
Is 16293 a multiple of 189?
False
Does 46 divide 2622?
True
Does 34 divide 2210?
True
Does 5 divide 25?
True
Is 67642 a multiple of 136?
False
Is 59 a factor of 1120?
False
Is 226 a factor of 3054?
False
Is 95 a factor of 9708?
False
Is 241 a multiple of 10?
False
Is 24 a factor of 768?
True
Is 394 a multiple of 3?
False
Is 85 a factor of 20910?
True
Does 12 divide 301?
False
Is 154 a multiple of 22?
True
Is 2003 a multiple of 104?
False
Is 12 a factor of 1060?
False
Is 21364 a multiple of 49?
True
Does 17 divide 413?
False
Does 358 divide 47416?
False
Is 73 a factor of 4453?
True
Is 16 a factor of 131?
False
Does 2 divide 883?
False
Does 131 divide 10683?
False
Does 51 divide 14994?
True
Does 23 divide 552?
True
Does 31 divide 434?
True
Is 1001 a multiple of 7?
True
Is 469 a factor of 7035?
True
Is 23849 a multiple of 7?
True
Does 14 divide 75?
False
Is 42 a multiple of 3?
True
Is 3460 a multiple of 34?
False
Is 5 a factor of 1150?
True
Is 12 a factor of 60?
True
Is 11620 a multiple of 29?
False
Does 14 divide 801?
False
Does 11 divide 1881?
True
Does 157 divide 7693?
True
Is 119563 a multiple of 18?
False
Is 22 a factor of 6768?
False
Is 15 a factor of 1004?
False
Does 80 divide 12400?
True
Does 128 divide 2985?
False
Is 4208 a multiple of 5?
False
Is 67 a factor of 4422?
True
Is 12 a factor of 392?
False
Is 1162 a multiple of 63?
False
Is 5540 a multiple of 20?
True
Is 245 a factor of 62592?
False
Does 35 divide 999?
False
Is 663 a multiple of 17?
True
Is 4560 a multiple of 30?
True
Is 4752 a multiple of 54?
True
Is 10670 a multiple of 10?
True
Is 16380 a multiple of 105?
True
Does 9 divide 8361?
True
Is 68 a factor of 569?
False
Is 17353 a multiple of 469?
True
Is 14 a factor of 3150?
True
Is 41813 a multiple of 30?
False
Is 5 a factor of 666?
False
Is 25 a factor of 2630?
False
Is 147 a factor of 4034?
False
Does 10 divide 7208?
False
Is 93 a factor of 10615?
False
Is 583 a multiple of 11?
True
Is 5 a factor of 245?
True
Is 7598 a multiple of 29?
True
Is 13986 a multiple of 87?
False
Is 138 a factor of 19396?
False
Is 142 a multiple of 15?
False
Is 1196 a multiple of 23?
True
Is 8 a factor of 9144?
True
Does 12 divide 6084?
True
Is 297 a factor of 15147?
True
Does 95 divide 22990?
True
Is 14 a factor of 5250?
True
Is 2368 a multiple of 16?
True
Does 39 divide 16926?
True
Is 19 a factor of 13186?
True
Does 33 divide 2562?
False
Is 5380 a multiple of 20?
True
Is 19 a factor of 1178?
True
Is 2143 a multiple of 2?
False
Does 54 divide 306?
False
Is 18 a factor of 11412?
True
Is 21 a factor of 8001?
True
Is 12 a factor of 9595?
False
Does 9 divide 468?
True
Is 52232 a multiple of 8?
True
Is 18 a factor of 3978?
True
Is 608 a multiple of 16?
True
Is 25 a factor of 831?
False
Does 116 divide 2423?
False
Is 5608 a multiple of 35?
False
Is 11 a factor of 17963?
True
Is 139 a multiple of 12?
False
Is 15 a factor of 1800?
True
Is 16 a factor of 222?
False
Is 22 a factor of 484?
True
Is 187 a factor of 38148?
True
Does 12 divide 47394?
False
Is 127 a factor of 13420?
False
Is 8322 a multiple of 82?
False
Is 4 a factor of 735?
False
Is 476 a multiple of 47?
False
Does 11 divide 887?
False
Is 58109 a multiple of 17?
False
Does 108 divide 7260?
False
Is 341 a multiple of 7?
False
Does 26 divide 202?
False
Is 45 a factor of 955?
False
Is 428 a multiple of 5?
False
Is 5132 a multiple of 75?
False
Is 27225 a multiple of 225?
True
Is 35 a factor of 688?
False
Does 15 divide 1050?
True
Does 14 divide 5824?
True
Is 8 a factor of 711?
False
Is 26 a multiple of 3?
False
Is 73 a factor of 30894?
False
Does 3 divide 172?
False
Is 807 a multiple of 55?
False
Is 33594 a multiple of 66?
True
Is 5408 a multiple of 32?
True
Does 23 divide 2467?
False
Is 48 a factor of 3308?
False
Does 7 divide 213?
False
Does 94 divide 39311?
False
Does 89 divide 113264?
False
Does 61 divide 6537?
False
Is 31242 a multiple of 82?
True
Is 38 a factor of 3192?
True
Is 118 a factor of 10279?
False
Does 34 divide 4229?
False
Is 32 a factor of 864?
True
Does 34 divide 34?
True
Is 28 a factor of 934?
False
Is 5492 a multiple of 41?
False
Is 12786 a multiple of 9?
False
Does 4 divide 318?
False
Is 49 a factor of 3847?
False
Is 95 a factor of 46265?
True
Is 27 even?
False
Does 9 divide 3429?
True
Is 37389 a multiple of 33?
True
Does 11 divide 777?
False
Does 13 divide 1795?
False
Is 61 a factor of 549?
True
Does 45 divide 1530?
True
Is 3771 a multiple of 53?
False
Does 12 divide 1112?
False
Is 87 a factor of 15179?
False
Is 448 a multiple of 7?
True
Is 360 a multiple of 20?
True
Is 30 a factor of 14685?
False
Does 7 divide 2527?
True
Is 353 a factor of 152849?
True
Does 10 divide 1818?
False
Is 2070 a multiple of 10?
True
Does 51 divide 306?
True
Is 1623 a multiple of 26?
False
Is 193 a factor of 1200?
False
Is 2448 a multiple of 4?
True
Is 893 a multiple of 3?
False
Is 4267 a multiple of 48?
False
Is 18524 a multiple of 44?
True
Is 15 a factor of 1641?
False
Is 271 a factor of 12545?
False
Is 13 a factor of 20986?
False
Is 26 a factor of 882?
False
Is 130 a multiple of 4?
False
Is 531 a multiple of 1